{"id":131,"date":"2025-01-25T18:32:42","date_gmt":"2025-01-25T17:32:42","guid":{"rendered":"https:\/\/chambery-syndic.fr\/?page_id=131"},"modified":"2025-01-28T11:22:10","modified_gmt":"2025-01-28T10:22:10","slug":"notre-fonctionnement","status":"publish","type":"page","link":"https:\/\/chambery-syndic.fr\/?page_id=131","title":{"rendered":"Notre fonctionnement"},"content":{"rendered":"\n<div class=\"wp-block-columns is-layout-flex wp-container-core-columns-is-layout-9d6595d7 wp-block-columns-is-layout-flex\">\n<div class=\"wp-block-column is-layout-flow wp-block-column-is-layout-flow\" style=\"flex-basis:25%\"><\/div>\n\n\n\n<div class=\"wp-block-column is-layout-flow wp-block-column-is-layout-flow\" style=\"flex-basis:50%\">\n<p style=\"text-align: justify;\"><span style=\"font-family: arial, helvetica, sans-serif; font-size: 10pt;\">Une copropri\u00e9t\u00e9 est un ensemble immobilier compos\u00e9e de plusieurs copropri\u00e9taires. Chacun d&rsquo;eux a des droits, et des devoirs, qui sont administratifs, financiers et techniques, et qui concernent tant des parties privatives que des parties communes. Le r\u00f4le du Syndic, tel que d\u00e9fini dans la loi du 10 juillet 1965 et dans les nombreux textes publi\u00e9s depuis est d&rsquo;administrer cet ensemble immobilier, dans le respect des textes l\u00e9gislatifs, r\u00e9glementaires, normatifs et contractuels.<\/span><\/p>\n<p style=\"text-align: justify;\"><span style=\"font-family: arial, helvetica, sans-serif; font-size: 10pt;\">Pour s&rsquo;aider, le Syndic va s&rsquo;appuyer sur le r\u00e8glement de copropri\u00e9t\u00e9, qui doit \u00eatre vu comme \u00e9tant un contrat pass\u00e9 entre les copropri\u00e9taires aux fins de pouvoir r\u00e9gir les \u00e9changes : l&rsquo;int\u00e9r\u00eat des uns ne doit pas aller \u00e0 l&rsquo;encontre de celui des autres, et les parties collectives doivent \u00eatre vues comme \u00e9tant une indivision entre l&rsquo;ensemble des propri\u00e9taires.<\/span><\/p>\n<p style=\"text-align: justify;\"><span style=\"font-family: arial, helvetica, sans-serif; font-size: 10pt;\">C&rsquo;est pourquoi les d\u00e9cisions doivent \u00eatre collectives, et sont prises pour les plus importantes lors de l&rsquo;Assembl\u00e9e G\u00e9n\u00e9rale.<\/span><\/p>\n<p style=\"text-align: justify;\"><span style=\"font-family: arial, helvetica, sans-serif; font-size: 10pt;\">Celle-ci doit valider \u00e0 la fois les aspects comptables et financiers de la copropri\u00e9t\u00e9 via les comptes et le budget, et d\u00e9cider de la conduite \u00e0 tenir dans le cadre de l&rsquo;am\u00e9lioration du b\u00e2ti.<\/span><\/p>\n<p style=\"text-align: justify;\"><span style=\"font-family: arial, helvetica, sans-serif; font-size: 10pt;\">Le Syndic a donc un r\u00f4le d&rsquo;aidant et d&rsquo;accompagnant vis-\u00e0-vis des copropri\u00e9taires.<\/span><\/p>\n<p style=\"text-align: justify;\"><span style=\"font-family: arial, helvetica, sans-serif; font-size: 10pt;\">Ceux-ci peuvent d&rsquo;ailleurs compter sur les membres du Conseil Syndical, qui sont chez CHAMBERY SYNDIC nos principaux interlocuteurs : leur r\u00f4le de repr\u00e9sentants des copropri\u00e9taires acte une confiance qui leur a \u00e9t\u00e9 octroy\u00e9e lors des Assembl\u00e9es, et l&rsquo;ensemble des dossiers sont vus en direct avec eux tout au long de l&rsquo;ann\u00e9e, tandis que les travaux courants d&rsquo;entretien et de mise aux normes sont r\u00e9alis\u00e9s sous leur strict contr\u00f4le.<\/span><\/p>\n<p style=\"text-align: justify;\"><span style=\"font-family: arial, helvetica, sans-serif; font-size: 10pt;\">Ce fonctionnement pyramidal permet aux copropri\u00e9taires d&rsquo;avoir des relations apais\u00e9es entre eux, avec un immeuble suivi et une gestion saine et rapide. Cela \u00e9tant possible gr\u00e2ce \u00e0 un climat de confiance qui s&rsquo;installe dans un cadre rigoureux du respect des personnes et des r\u00f4les de chacun, et une transparence compl\u00e8te envers toutes les parties.<\/span><\/p>\n<\/div>\n\n\n\n<div class=\"wp-block-column is-layout-flow wp-block-column-is-layout-flow\" style=\"flex-basis:25%\"><\/div>\n<\/div>\n","protected":false},"excerpt":{"rendered":"<p>Une copropri\u00e9t\u00e9 est un ensemble immobilier compos\u00e9e de plusieurs copropri\u00e9taires. Chacun d&rsquo;eux a des droits, et des devoirs, qui sont administratifs, financiers et techniques, et qui concernent tant des parties privatives que des parties communes. Le r\u00f4le du Syndic, tel que d\u00e9fini dans la loi du 10 juillet 1965 et dans les nombreux textes publi\u00e9s [&hellip;]<\/p>\n","protected":false},"author":1,"featured_media":0,"parent":0,"menu_order":0,"comment_status":"closed","ping_status":"closed","template":"","meta":{"footnotes":""},"class_list":["post-131","page","type-page","status-publish","hentry","entry"],"yoast_head":"<!-- This site is optimized with the Yoast SEO plugin v24.3 - https:\/\/yoast.com\/wordpress\/plugins\/seo\/ -->\n<title>Notre fonctionnement -<\/title>\n<meta name=\"robots\" content=\"index, follow, max-snippet:-1, max-image-preview:large, max-video-preview:-1\" \/>\n<link rel=\"canonical\" href=\"https:\/\/chambery-syndic.fr\/?page_id=131\" \/>\n<meta property=\"og:locale\" content=\"fr_FR\" \/>\n<meta property=\"og:type\" content=\"article\" \/>\n<meta property=\"og:title\" content=\"Notre fonctionnement -\" \/>\n<meta property=\"og:description\" content=\"Une copropri\u00e9t\u00e9 est un ensemble immobilier compos\u00e9e de plusieurs copropri\u00e9taires. Chacun d&rsquo;eux a des droits, et des devoirs, qui sont administratifs, financiers et techniques, et qui concernent tant des parties privatives que des parties communes. Le r\u00f4le du Syndic, tel que d\u00e9fini dans la loi du 10 juillet 1965 et dans les nombreux textes publi\u00e9s [&hellip;]\" \/>\n<meta property=\"og:url\" content=\"https:\/\/chambery-syndic.fr\/?page_id=131\" \/>\n<meta property=\"article:modified_time\" content=\"2025-01-28T10:22:10+00:00\" \/>\n<meta name=\"twitter:card\" content=\"summary_large_image\" \/>\n<meta name=\"twitter:label1\" content=\"Dur\u00e9e de lecture estim\u00e9e\" \/>\n\t<meta name=\"twitter:data1\" content=\"2 minutes\" \/>\n<script type=\"application\/ld+json\" class=\"yoast-schema-graph\">{\"@context\":\"https:\/\/schema.org\",\"@graph\":[{\"@type\":\"WebPage\",\"@id\":\"https:\/\/chambery-syndic.fr\/?page_id=131\",\"url\":\"https:\/\/chambery-syndic.fr\/?page_id=131\",\"name\":\"Notre fonctionnement -\",\"isPartOf\":{\"@id\":\"https:\/\/chambery-syndic.fr\/#website\"},\"datePublished\":\"2025-01-25T17:32:42+00:00\",\"dateModified\":\"2025-01-28T10:22:10+00:00\",\"breadcrumb\":{\"@id\":\"https:\/\/chambery-syndic.fr\/?page_id=131#breadcrumb\"},\"inLanguage\":\"fr-FR\",\"potentialAction\":[{\"@type\":\"ReadAction\",\"target\":[\"https:\/\/chambery-syndic.fr\/?page_id=131\"]}]},{\"@type\":\"BreadcrumbList\",\"@id\":\"https:\/\/chambery-syndic.fr\/?page_id=131#breadcrumb\",\"itemListElement\":[{\"@type\":\"ListItem\",\"position\":1,\"name\":\"Accueil\",\"item\":\"https:\/\/chambery-syndic.fr\/\"},{\"@type\":\"ListItem\",\"position\":2,\"name\":\"Notre fonctionnement\"}]},{\"@type\":\"WebSite\",\"@id\":\"https:\/\/chambery-syndic.fr\/#website\",\"url\":\"https:\/\/chambery-syndic.fr\/\",\"name\":\"Chambery Syndic\",\"description\":\"Chamb\u00e9ry Syndic, proche de vous\",\"publisher\":{\"@id\":\"https:\/\/chambery-syndic.fr\/#organization\"},\"potentialAction\":[{\"@type\":\"SearchAction\",\"target\":{\"@type\":\"EntryPoint\",\"urlTemplate\":\"https:\/\/chambery-syndic.fr\/?s={search_term_string}\"},\"query-input\":{\"@type\":\"PropertyValueSpecification\",\"valueRequired\":true,\"valueName\":\"search_term_string\"}}],\"inLanguage\":\"fr-FR\"},{\"@type\":\"Organization\",\"@id\":\"https:\/\/chambery-syndic.fr\/#organization\",\"name\":\"E&E Immo\",\"url\":\"https:\/\/chambery-syndic.fr\/\",\"logo\":{\"@type\":\"ImageObject\",\"inLanguage\":\"fr-FR\",\"@id\":\"https:\/\/chambery-syndic.fr\/#\/schema\/logo\/image\/\",\"url\":\"https:\/\/chambery-syndic.fr\/wp-content\/uploads\/2025\/01\/cropped-cropped-Chambery-Syndic-Logo.png\",\"contentUrl\":\"https:\/\/chambery-syndic.fr\/wp-content\/uploads\/2025\/01\/cropped-cropped-Chambery-Syndic-Logo.png\",\"width\":420,\"height\":160,\"caption\":\"E&E Immo\"},\"image\":{\"@id\":\"https:\/\/chambery-syndic.fr\/#\/schema\/logo\/image\/\"}}]}<\/script>\n<!-- \/ Yoast SEO plugin. -->","yoast_head_json":{"title":"Notre fonctionnement -","robots":{"index":"index","follow":"follow","max-snippet":"max-snippet:-1","max-image-preview":"max-image-preview:large","max-video-preview":"max-video-preview:-1"},"canonical":"https:\/\/chambery-syndic.fr\/?page_id=131","og_locale":"fr_FR","og_type":"article","og_title":"Notre fonctionnement -","og_description":"Une copropri\u00e9t\u00e9 est un ensemble immobilier compos\u00e9e de plusieurs copropri\u00e9taires. Chacun d&rsquo;eux a des droits, et des devoirs, qui sont administratifs, financiers et techniques, et qui concernent tant des parties privatives que des parties communes. Le r\u00f4le du Syndic, tel que d\u00e9fini dans la loi du 10 juillet 1965 et dans les nombreux textes publi\u00e9s [&hellip;]","og_url":"https:\/\/chambery-syndic.fr\/?page_id=131","article_modified_time":"2025-01-28T10:22:10+00:00","twitter_card":"summary_large_image","twitter_misc":{"Dur\u00e9e de lecture estim\u00e9e":"2 minutes"},"schema":{"@context":"https:\/\/schema.org","@graph":[{"@type":"WebPage","@id":"https:\/\/chambery-syndic.fr\/?page_id=131","url":"https:\/\/chambery-syndic.fr\/?page_id=131","name":"Notre fonctionnement -","isPartOf":{"@id":"https:\/\/chambery-syndic.fr\/#website"},"datePublished":"2025-01-25T17:32:42+00:00","dateModified":"2025-01-28T10:22:10+00:00","breadcrumb":{"@id":"https:\/\/chambery-syndic.fr\/?page_id=131#breadcrumb"},"inLanguage":"fr-FR","potentialAction":[{"@type":"ReadAction","target":["https:\/\/chambery-syndic.fr\/?page_id=131"]}]},{"@type":"BreadcrumbList","@id":"https:\/\/chambery-syndic.fr\/?page_id=131#breadcrumb","itemListElement":[{"@type":"ListItem","position":1,"name":"Accueil","item":"https:\/\/chambery-syndic.fr\/"},{"@type":"ListItem","position":2,"name":"Notre fonctionnement"}]},{"@type":"WebSite","@id":"https:\/\/chambery-syndic.fr\/#website","url":"https:\/\/chambery-syndic.fr\/","name":"Chambery Syndic","description":"Chamb\u00e9ry Syndic, proche de vous","publisher":{"@id":"https:\/\/chambery-syndic.fr\/#organization"},"potentialAction":[{"@type":"SearchAction","target":{"@type":"EntryPoint","urlTemplate":"https:\/\/chambery-syndic.fr\/?s={search_term_string}"},"query-input":{"@type":"PropertyValueSpecification","valueRequired":true,"valueName":"search_term_string"}}],"inLanguage":"fr-FR"},{"@type":"Organization","@id":"https:\/\/chambery-syndic.fr\/#organization","name":"E&E Immo","url":"https:\/\/chambery-syndic.fr\/","logo":{"@type":"ImageObject","inLanguage":"fr-FR","@id":"https:\/\/chambery-syndic.fr\/#\/schema\/logo\/image\/","url":"https:\/\/chambery-syndic.fr\/wp-content\/uploads\/2025\/01\/cropped-cropped-Chambery-Syndic-Logo.png","contentUrl":"https:\/\/chambery-syndic.fr\/wp-content\/uploads\/2025\/01\/cropped-cropped-Chambery-Syndic-Logo.png","width":420,"height":160,"caption":"E&E Immo"},"image":{"@id":"https:\/\/chambery-syndic.fr\/#\/schema\/logo\/image\/"}}]}},"_links":{"self":[{"href":"https:\/\/chambery-syndic.fr\/index.php?rest_route=\/wp\/v2\/pages\/131","targetHints":{"allow":["GET"]}}],"collection":[{"href":"https:\/\/chambery-syndic.fr\/index.php?rest_route=\/wp\/v2\/pages"}],"about":[{"href":"https:\/\/chambery-syndic.fr\/index.php?rest_route=\/wp\/v2\/types\/page"}],"author":[{"embeddable":true,"href":"https:\/\/chambery-syndic.fr\/index.php?rest_route=\/wp\/v2\/users\/1"}],"replies":[{"embeddable":true,"href":"https:\/\/chambery-syndic.fr\/index.php?rest_route=%2Fwp%2Fv2%2Fcomments&post=131"}],"version-history":[{"count":4,"href":"https:\/\/chambery-syndic.fr\/index.php?rest_route=\/wp\/v2\/pages\/131\/revisions"}],"predecessor-version":[{"id":210,"href":"https:\/\/chambery-syndic.fr\/index.php?rest_route=\/wp\/v2\/pages\/131\/revisions\/210"}],"wp:attachment":[{"href":"https:\/\/chambery-syndic.fr\/index.php?rest_route=%2Fwp%2Fv2%2Fmedia&parent=131"}],"curies":[{"name":"wp","href":"https:\/\/api.w.org\/{rel}","templated":true}]}}