{"id":140,"date":"2025-01-25T18:54:16","date_gmt":"2025-01-25T17:54:16","guid":{"rendered":"https:\/\/chambery-syndic.fr\/?page_id=140"},"modified":"2025-01-28T11:07:41","modified_gmt":"2025-01-28T10:07:41","slug":"coproprietaires-et-occupation-dun-bien","status":"publish","type":"page","link":"https:\/\/chambery-syndic.fr\/?page_id=140","title":{"rendered":"Copropri\u00e9taires et occupation d&rsquo;un bien"},"content":{"rendered":"\n<div class=\"wp-block-columns is-layout-flex wp-container-core-columns-is-layout-9d6595d7 wp-block-columns-is-layout-flex\">\n<div class=\"wp-block-column is-layout-flow wp-block-column-is-layout-flow\" style=\"flex-basis:25%\"><\/div>\n\n\n\n<div class=\"wp-block-column is-layout-flow wp-block-column-is-layout-flow\" style=\"flex-basis:50%\">\n<p style=\"text-align: justify;\"><span style=\"font-family: arial, helvetica, sans-serif; font-size: 10pt;\">Un copropri\u00e9taire peut \u00eatre occupant de son bien, ou le laisser \u00e0 disposition d&rsquo;une tierce personne, en direct ou non, ou le laisser vacant. Ce choix d\u00e9coule directement de la libert\u00e9 d&rsquo;une personne \u00e0 jouir de sa propri\u00e9t\u00e9, et ne saurait \u00eatre remis en question.<\/span><\/p>\n<p style=\"text-align: justify;\"><span style=\"font-family: arial, helvetica, sans-serif; font-size: 10pt;\">Cependant, il faut rappeler qu&rsquo;un propri\u00e9taire reste directement concern\u00e9 par la vie de la copropri\u00e9t\u00e9 : en effet, le Syndic n&rsquo;a de lien juridique qu&rsquo;avec lui. De fait, <span style=\"text-decoration: underline;\">il reste responsable, dans les limites du r\u00e8glement des textes, de ses occupants<\/span>.<\/span><\/p>\n<p style=\"text-align: justify;\"><span style=\"font-family: arial, helvetica, sans-serif; font-size: 10pt;\">Ceux-ci peuvent toutefois se faire connaitre aupr\u00e8s de nos services, notamment pour toute intervention en lien avec le lot concern\u00e9.<\/span><\/p>\n<p style=\"text-align: justify;\"><span style=\"font-family: arial, helvetica, sans-serif; font-size: 10pt;\">Pour les copropri\u00e9taires d\u00e9localis\u00e9s, aucune inqui\u00e9tude : les r\u00e9ponses \u00e0 vos \u00e9ventuelles questions vous seront apport\u00e9es par \u00e9crit via mail, par t\u00e9l\u00e9phone ou encore par courrier. De plus, pour les Assembl\u00e9es G\u00e9n\u00e9rales, les votes par correspondance comme les procurations sont disponibles sur votre Espace Client &#8211; pensez \u00e0 voter !<\/span><\/p>\n<\/div>\n\n\n\n<div class=\"wp-block-column is-layout-flow wp-block-column-is-layout-flow\" style=\"flex-basis:25%\"><\/div>\n<\/div>\n\n\n\n<p><\/p>\n","protected":false},"excerpt":{"rendered":"<p>Un copropri\u00e9taire peut \u00eatre occupant de son bien, ou le laisser \u00e0 disposition d&rsquo;une tierce personne, en direct ou non, ou le laisser vacant. Ce choix d\u00e9coule directement de la libert\u00e9 d&rsquo;une personne \u00e0 jouir de sa propri\u00e9t\u00e9, et ne saurait \u00eatre remis en question. Cependant, il faut rappeler qu&rsquo;un propri\u00e9taire reste directement concern\u00e9 par [&hellip;]<\/p>\n","protected":false},"author":1,"featured_media":0,"parent":0,"menu_order":0,"comment_status":"closed","ping_status":"closed","template":"","meta":{"footnotes":""},"class_list":["post-140","page","type-page","status-publish","hentry","entry"],"yoast_head":"<!-- This site is optimized with the Yoast SEO plugin v24.3 - https:\/\/yoast.com\/wordpress\/plugins\/seo\/ -->\n<title>Copropri\u00e9taires et occupation d&#039;un bien -<\/title>\n<meta name=\"robots\" content=\"index, follow, max-snippet:-1, max-image-preview:large, max-video-preview:-1\" \/>\n<link rel=\"canonical\" href=\"https:\/\/chambery-syndic.fr\/?page_id=140\" \/>\n<meta property=\"og:locale\" content=\"fr_FR\" \/>\n<meta property=\"og:type\" content=\"article\" \/>\n<meta property=\"og:title\" content=\"Copropri\u00e9taires et occupation d&#039;un bien -\" \/>\n<meta property=\"og:description\" content=\"Un copropri\u00e9taire peut \u00eatre occupant de son bien, ou le laisser \u00e0 disposition d&rsquo;une tierce personne, en direct ou non, ou le laisser vacant. Ce choix d\u00e9coule directement de la libert\u00e9 d&rsquo;une personne \u00e0 jouir de sa propri\u00e9t\u00e9, et ne saurait \u00eatre remis en question. Cependant, il faut rappeler qu&rsquo;un propri\u00e9taire reste directement concern\u00e9 par [&hellip;]\" \/>\n<meta property=\"og:url\" content=\"https:\/\/chambery-syndic.fr\/?page_id=140\" \/>\n<meta property=\"article:modified_time\" content=\"2025-01-28T10:07:41+00:00\" \/>\n<meta name=\"twitter:card\" content=\"summary_large_image\" \/>\n<meta name=\"twitter:label1\" content=\"Dur\u00e9e de lecture estim\u00e9e\" \/>\n\t<meta name=\"twitter:data1\" content=\"1 minute\" \/>\n<script type=\"application\/ld+json\" class=\"yoast-schema-graph\">{\"@context\":\"https:\/\/schema.org\",\"@graph\":[{\"@type\":\"WebPage\",\"@id\":\"https:\/\/chambery-syndic.fr\/?page_id=140\",\"url\":\"https:\/\/chambery-syndic.fr\/?page_id=140\",\"name\":\"Copropri\u00e9taires et occupation d'un bien -\",\"isPartOf\":{\"@id\":\"https:\/\/chambery-syndic.fr\/#website\"},\"datePublished\":\"2025-01-25T17:54:16+00:00\",\"dateModified\":\"2025-01-28T10:07:41+00:00\",\"breadcrumb\":{\"@id\":\"https:\/\/chambery-syndic.fr\/?page_id=140#breadcrumb\"},\"inLanguage\":\"fr-FR\",\"potentialAction\":[{\"@type\":\"ReadAction\",\"target\":[\"https:\/\/chambery-syndic.fr\/?page_id=140\"]}]},{\"@type\":\"BreadcrumbList\",\"@id\":\"https:\/\/chambery-syndic.fr\/?page_id=140#breadcrumb\",\"itemListElement\":[{\"@type\":\"ListItem\",\"position\":1,\"name\":\"Accueil\",\"item\":\"https:\/\/chambery-syndic.fr\/\"},{\"@type\":\"ListItem\",\"position\":2,\"name\":\"Copropri\u00e9taires et occupation d&rsquo;un bien\"}]},{\"@type\":\"WebSite\",\"@id\":\"https:\/\/chambery-syndic.fr\/#website\",\"url\":\"https:\/\/chambery-syndic.fr\/\",\"name\":\"Chambery Syndic\",\"description\":\"Chamb\u00e9ry Syndic, proche de vous\",\"publisher\":{\"@id\":\"https:\/\/chambery-syndic.fr\/#organization\"},\"potentialAction\":[{\"@type\":\"SearchAction\",\"target\":{\"@type\":\"EntryPoint\",\"urlTemplate\":\"https:\/\/chambery-syndic.fr\/?s={search_term_string}\"},\"query-input\":{\"@type\":\"PropertyValueSpecification\",\"valueRequired\":true,\"valueName\":\"search_term_string\"}}],\"inLanguage\":\"fr-FR\"},{\"@type\":\"Organization\",\"@id\":\"https:\/\/chambery-syndic.fr\/#organization\",\"name\":\"E&E Immo\",\"url\":\"https:\/\/chambery-syndic.fr\/\",\"logo\":{\"@type\":\"ImageObject\",\"inLanguage\":\"fr-FR\",\"@id\":\"https:\/\/chambery-syndic.fr\/#\/schema\/logo\/image\/\",\"url\":\"https:\/\/chambery-syndic.fr\/wp-content\/uploads\/2025\/01\/cropped-cropped-Chambery-Syndic-Logo.png\",\"contentUrl\":\"https:\/\/chambery-syndic.fr\/wp-content\/uploads\/2025\/01\/cropped-cropped-Chambery-Syndic-Logo.png\",\"width\":420,\"height\":160,\"caption\":\"E&E Immo\"},\"image\":{\"@id\":\"https:\/\/chambery-syndic.fr\/#\/schema\/logo\/image\/\"}}]}<\/script>\n<!-- \/ Yoast SEO plugin. -->","yoast_head_json":{"title":"Copropri\u00e9taires et occupation d'un bien -","robots":{"index":"index","follow":"follow","max-snippet":"max-snippet:-1","max-image-preview":"max-image-preview:large","max-video-preview":"max-video-preview:-1"},"canonical":"https:\/\/chambery-syndic.fr\/?page_id=140","og_locale":"fr_FR","og_type":"article","og_title":"Copropri\u00e9taires et occupation d'un bien -","og_description":"Un copropri\u00e9taire peut \u00eatre occupant de son bien, ou le laisser \u00e0 disposition d&rsquo;une tierce personne, en direct ou non, ou le laisser vacant. Ce choix d\u00e9coule directement de la libert\u00e9 d&rsquo;une personne \u00e0 jouir de sa propri\u00e9t\u00e9, et ne saurait \u00eatre remis en question. Cependant, il faut rappeler qu&rsquo;un propri\u00e9taire reste directement concern\u00e9 par [&hellip;]","og_url":"https:\/\/chambery-syndic.fr\/?page_id=140","article_modified_time":"2025-01-28T10:07:41+00:00","twitter_card":"summary_large_image","twitter_misc":{"Dur\u00e9e de lecture estim\u00e9e":"1 minute"},"schema":{"@context":"https:\/\/schema.org","@graph":[{"@type":"WebPage","@id":"https:\/\/chambery-syndic.fr\/?page_id=140","url":"https:\/\/chambery-syndic.fr\/?page_id=140","name":"Copropri\u00e9taires et occupation d'un bien -","isPartOf":{"@id":"https:\/\/chambery-syndic.fr\/#website"},"datePublished":"2025-01-25T17:54:16+00:00","dateModified":"2025-01-28T10:07:41+00:00","breadcrumb":{"@id":"https:\/\/chambery-syndic.fr\/?page_id=140#breadcrumb"},"inLanguage":"fr-FR","potentialAction":[{"@type":"ReadAction","target":["https:\/\/chambery-syndic.fr\/?page_id=140"]}]},{"@type":"BreadcrumbList","@id":"https:\/\/chambery-syndic.fr\/?page_id=140#breadcrumb","itemListElement":[{"@type":"ListItem","position":1,"name":"Accueil","item":"https:\/\/chambery-syndic.fr\/"},{"@type":"ListItem","position":2,"name":"Copropri\u00e9taires et occupation d&rsquo;un bien"}]},{"@type":"WebSite","@id":"https:\/\/chambery-syndic.fr\/#website","url":"https:\/\/chambery-syndic.fr\/","name":"Chambery Syndic","description":"Chamb\u00e9ry Syndic, proche de vous","publisher":{"@id":"https:\/\/chambery-syndic.fr\/#organization"},"potentialAction":[{"@type":"SearchAction","target":{"@type":"EntryPoint","urlTemplate":"https:\/\/chambery-syndic.fr\/?s={search_term_string}"},"query-input":{"@type":"PropertyValueSpecification","valueRequired":true,"valueName":"search_term_string"}}],"inLanguage":"fr-FR"},{"@type":"Organization","@id":"https:\/\/chambery-syndic.fr\/#organization","name":"E&E Immo","url":"https:\/\/chambery-syndic.fr\/","logo":{"@type":"ImageObject","inLanguage":"fr-FR","@id":"https:\/\/chambery-syndic.fr\/#\/schema\/logo\/image\/","url":"https:\/\/chambery-syndic.fr\/wp-content\/uploads\/2025\/01\/cropped-cropped-Chambery-Syndic-Logo.png","contentUrl":"https:\/\/chambery-syndic.fr\/wp-content\/uploads\/2025\/01\/cropped-cropped-Chambery-Syndic-Logo.png","width":420,"height":160,"caption":"E&E Immo"},"image":{"@id":"https:\/\/chambery-syndic.fr\/#\/schema\/logo\/image\/"}}]}},"_links":{"self":[{"href":"https:\/\/chambery-syndic.fr\/index.php?rest_route=\/wp\/v2\/pages\/140","targetHints":{"allow":["GET"]}}],"collection":[{"href":"https:\/\/chambery-syndic.fr\/index.php?rest_route=\/wp\/v2\/pages"}],"about":[{"href":"https:\/\/chambery-syndic.fr\/index.php?rest_route=\/wp\/v2\/types\/page"}],"author":[{"embeddable":true,"href":"https:\/\/chambery-syndic.fr\/index.php?rest_route=\/wp\/v2\/users\/1"}],"replies":[{"embeddable":true,"href":"https:\/\/chambery-syndic.fr\/index.php?rest_route=%2Fwp%2Fv2%2Fcomments&post=140"}],"version-history":[{"count":4,"href":"https:\/\/chambery-syndic.fr\/index.php?rest_route=\/wp\/v2\/pages\/140\/revisions"}],"predecessor-version":[{"id":194,"href":"https:\/\/chambery-syndic.fr\/index.php?rest_route=\/wp\/v2\/pages\/140\/revisions\/194"}],"wp:attachment":[{"href":"https:\/\/chambery-syndic.fr\/index.php?rest_route=%2Fwp%2Fv2%2Fmedia&parent=140"}],"curies":[{"name":"wp","href":"https:\/\/api.w.org\/{rel}","templated":true}]}}